q?
5
Let k(r) = 4*r. Let t be k(1). Let d = t - 0. What is the units digit of -7*3/(-12)*d?
7
Suppose -4 = -2*r + 2*o, -o = -5*r + r + 23. Let h = 7 + r. What is the units digit of h?
4
Let w(v) = v**2 + 5*v + 2. Let o be w(-3). Let m be (-14)/(-35) + o/10. Let q = m + 6. What is the units digit of q?
6
Let s = -29 + 51. What is the units digit of s?
2
Let r(q) = q + 2. Let p be r(0). Suppose p*d - 28 = -0*d. What is the units digit of d?
4
Suppose 54 = 5*w - 5*c + 4*c, -2*c + 2 = 0. Suppose r + w = 30. Let p = r + -8. What is the tens digit of p?
1
Let g be ((-66)/(-4))/(2/4). Let w be 0 + 2 - (9 + 16). Let u = w + g. What is the units digit of u?
0
Let p(h) = -h + 3. Let t be p(9). What is the units digit of (2 - 3)*-1 - t?
7
Let n = 61 - -26. What is the units digit of n?
7
Let s = 40 + 31. What is the units digit of s?
1
Let j = 180 + -85. What is the units digit of j?
5
Suppose 0 = -0*n - 3*n + 21. Suppose 0 = -3*a + 4*a - n. Suppose -4*w + 20 = -4*f, -3*w + f + a = 6*f. What is the units digit of w?
4
Let j(k) = 6*k + 0 - k - 1 + 2*k**2 - 4*k. Let d(b) = -2*b. Let v be d(-1). What is the units digit of j(v)?
9
What is the units digit of 26 - (-3)/(-2)*8/12?
5
What is the tens digit of ((-36)/(-14))/(6/140)?
6
Let b(x) = -x**3 + 3*x**2 - x + 1. Let o be b(2). Suppose -t - 2*t - 4*z = -74, -4*t - o*z + 87 = 0. What is the tens digit of t?
1
Let l = 76 - -257. What is the units digit of l?
3
Let p be (-59)/3*(3 - 6). Let b = 94 - p. Suppose -2*u = 5*k - b, -3*u = 4*k - 17 - 25. What is the tens digit of u?
1
Let p = -1 - -4. Suppose -2*x - 7 = -4*c - 3*x, p*c + 3*x = 3. What is the units digit of c?
2
Let z = -94 - -158. What is the tens digit of z?
6
Suppose u + 18 = 4*u. Let p(j) = 2*j**2 - 6*j + 6 + 0*j**3 + 3*j**2 - 5*j**3 + u*j**3. What is the units digit of p(-6)?
6
Let r = -23 + 30. Suppose r*i - 224 = 3*i. What is the tens digit of i?
5
What is the tens digit of (-2 - -41) + 3/((-12)/(-8))?
4
Let j(u) = -4*u + 1. Let z(f) = -f**3 - f**2 + 4*f + 3. Suppose 0 = 3*m - 5*l + 6, -4*m - 2 = -2*l + 6. Let s be z(m). What is the units digit of j(s)?
5
Let p(k) = k**2 - 4*k + 4. Let u be p(4). Let i be ((-3)/(-2))/((-1)/(-2)). Suppose u = 4*y - i*y. What is the units digit of y?
4
Let l(s) = -s**3 - 7*s**2 - 6*s + 5. Let a be l(-6). Suppose a*x = 3 + 2. What is the units digit of -1*x*12*-1?
2
Suppose u + 2*a + 10 = -4*u, 5*u + 4*a + 10 = 0. What is the units digit of u/(-8)*-5*-12?
5
Let r = 3 + -4. Let y be -2 + 2 + r - 2. What is the units digit of y/9 - 16/(-3)?
5
Let j(s) = -s**3 + 5*s**2 + 4*s + 17. What is the units digit of j(5)?
7
Let g = -120 + 195. Suppose 0 = 4*v + v - g. What is the units digit of v?
5
Let r(k) = k + 10. Let a be r(-10). Suppose 3*g - 12 - 12 = a. What is the units digit of g?
8
Let j(q) = -q**3 + q**2 + 5*q + 3. What is the units digit of j(-3)?
4
Let v(a) = -a**2 - 21*a - 39. What is the tens digit of v(-9)?
6
Let x(v) = 5*v + 2. Let y be x(2). Let i = y + -2. Let q = 18 - i. What is the units digit of q?
8
Suppose 2*h - 32 = -2*h. What is the units digit of h/6 - (-6)/(-18)?
1
Let x(v) = -v**3 + 8*v**2 + v - 5. Let w(j) = -j**2 + 5*j - 3. Let c be w(6). Let p be (-23)/(-3) - 3/c. What is the units digit of x(p)?
3
Let l(y) = -4*y + 21. What is the tens digit of l(-21)?
0
Suppose 6*h - 6 = 3*h. Suppose h*r + 0*r - 18 = 0. What is the units digit of r?
9
Let a be -604*((-44)/(-16) - 3). Let s = -101 + a. What is the units digit of s?
0
Let w = 89 + -54. What is the tens digit of w?
3
Suppose -2*p + 5 = -1. Suppose -p*o = -2*g + 2*o - 5, 4*g - 4*o = 20. What is the tens digit of g?
1
Suppose 3 = s, s - 35 = -4*k + 4*s. What is the units digit of k?
1
Let v(o) = o**2 + 0 - 5 + 2*o - o. What is the tens digit of v(4)?
1
Let l be 3/(-2)*(-2)/(-3). Let c(o) = 4*o**2 - 6*o + 5. Let d(h) = h**2 + 1. Let m(z) = l*c(z) + 3*d(z). What is the units digit of m(4)?
6
What is the tens digit of (-315)/126*100/(2*-1)?
2
Let o be (-2)/4*4/(-1). Suppose 2*i = -10, -4*a + 4*i + 76 = -o*a. Suppose -a = -5*d + 17. What is the units digit of d?
9
Let k = -25 + 35. Let i = 15 - k. What is the units digit of i?
5
Let l(c) = -c**3 + 3*c**2 + c - 1. What is the tens digit of l(-2)?
1
Suppose -4*r + 3 = -5*d - 0, r = -3. Let y = 4 - 2. What is the units digit of d*y/3*-1?
2
Let w(b) = 2*b**2 + 2*b + 2. What is the tens digit of w(3)?
2
Suppose 0 = -7*h + 958 + 372. What is the units digit of h?
0
Let i(j) = 25*j - 1. What is the tens digit of i(1)?
2
Suppose 112 = 7*x - 119. What is the units digit of x?
3
Let v = -36 + 59. Let j = v + -14. What is the units digit of j?
9
Let p = 43 - 71. Let w = 56 + p. What is the units digit of w?
8
Suppose 45 = -5*p - 10. Let v = -9 - p. What is the units digit of v?
2
Let x(a) = -8*a**2 + 10*a - 10. Let d(s) = 7*s**2 - 9*s + 9. Let k(r) = 7*d(r) + 6*x(r). Let n = -8 - -11. What is the units digit of k(n)?
3
Let x = 27 - 10. What is the units digit of x?
7
Suppose -b = 2*r - 158, -3*b + 0*b = -3*r - 510. What is the tens digit of b?
6
Suppose 3*b + 12 = 4*b - 2*m, 5*b + 3*m - 8 = 0. Suppose -5*p = -b*s + 52, -s - 3*p + 23 + 7 = 0. What is the tens digit of s?
1
Suppose -4*v = 5*g + v - 795, 0 = -4*g + v + 661. What is the units digit of g/28 - 1/(-7)?
6
Let c(p) = -p**3 - p + 2. Let x be c(-2). What is the units digit of 153/x + 3/12?
3
Let m(w) = w**3 + 6*w**2 - 6*w + 6. Let r be m(-7). Let f be r*(-3)/(-6)*-4. Suppose 0*t = -4*y - f*t + 34, -3*t = 3*y - 27. What is the units digit of y?
8
Let r(f) = -f**3 - 11*f**2 + 12*f - 10. Let m be r(-12). Let i = -3 - m. What is the units digit of i?
7
Let w(k) = k + 2. Let n be w(-5). Suppose 2*m + 4*z - 4 = 0, 0 = 3*m - z + 3*z - 6. Let j = m - n. What is the units digit of j?
5
Suppose -20*w + 23*w - 558 = 0. What is the tens digit of w?
8
Suppose -3*x = x - 72. Let a(t) = -x*t**2 + 4 + t**3 + 18*t**2. What is the units digit of a(0)?
4
Suppose -849 = -4*z + 3*c, 7*z - 3*z = 5*c + 855. What is the hundreds digit of z?
2
Let b = -4 - -6. Let y be 7/(1/6*b). Suppose 4*m = -5*z + y, 4*z - 3*m - 34 = -11. What is the units digit of z?
5
Suppose 3*a + 5*u - 19 - 6 = 0, 3*a - 5*u - 5 = 0. Suppose y = a*y - 16. Suppose -4*j - j + 4*n = -55, 0 = -2*j + y*n + 34. What is the units digit of j?
7
Let d = 41 - 16. What is the tens digit of d?
2
What is the tens digit of -2 + (-2)/2 - -42?
3
Let r(x) = 18*x + 7. Let s be r(-3). Let o = -12 - s. What is the units digit of o?
5
Suppose 3*x - 34 = -10. Let m be (0 + 1)*(-5 + x). Let j(o) = o**3 - 3*o**2 + o - 2. What is the units digit of j(m)?
1
What is the units digit of -2*((-27)/6 - -2)?
5
Let a(o) = o**2 - 11*o - 9. Let f(q) = 5 - 1 + 12*q + 5 - q**2. Let v(s) = 7*a(s) + 6*f(s). What is the units digit of v(7)?
5
Suppose -4 = -2*l + 2. Suppose 2*q - 5*i - 27 = -q, -5*i = l*q - 27. What is the units digit of q?
9
Let m be (-4)/(-20) - 1/5. Let k(c) be the third derivative of -c**5/60 - c**4/24 + 5*c**3/6 - 2*c**2. What is the units digit of k(m)?
5
Let t = -7 + 11. Suppose z = t*z - l - 14, -26 = -4*z + 5*l. What is the units digit of z?
4
Suppose -2*i - l = -65, -i + 4*i + 4*l = 95. What is the units digit of i?
3
Let x(p) = p. Let f be x(5). Suppose 2*y = -f*t + 11, -3*y = -2*t - 3*t - 4. Suppose -y*d + 3 = -2*d. What is the units digit of d?
3
Suppose 0 = -5*r + 20, -4*r = -b - 1 - 16. Let l(s) = -7*s**3 + s**2 + s + 1. What is the units digit of l(b)?
8
Let q(t) = 9*t**2 - t + 1. Let k be (3/18)/((-1)/(-6)). What is the units digit of q(k)?
9
Suppose 30 = w + 2*c, -c + 4*c = 3*w - 81. Let b = w - 15. What is the units digit of b?
3
Suppose 0 = 6*b - 3*b - 12. Suppose -98 = -b*q - 10. What is the tens digit of q?
2
Let x = 11 + 2. What is the tens digit of x?
1
Suppose 4 = 4*l - 4*w, -2*l = l - 5*w - 5. Suppose l = -5*u + 25 - 0. What is the units digit of u?
5
Let n be 36 + (-3 - -5)/1. Let m = -21 + n. What is the units digit of m?
7
Suppose 2*c = -c, -f + c + 5 = 0. What is the units digit of f?
5
Let r(m) = -m**3 - 7*m**2 + 2. Let d be r(-7). What is the units digit of (-46)/(-5) - d/10?
9
Let d(o) = o**3 - o**2 - 7*o + 5. Let s be d(-8). What is the units digit of 8/44 + s/(-11)?
7
Suppose 2*z = 5*d - 152, 0 = -4*d - 3*z + 25 + 115. What is the tens digit of d?
3
What is the tens digit of (-3)/(-9)*-8*138